{"id":1300,"date":"2026-04-17T17:43:15","date_gmt":"2026-04-17T15:43:15","guid":{"rendered":"https:\/\/heliophytos.com\/?post_type=product&#038;p=1300"},"modified":"2026-04-17T17:54:01","modified_gmt":"2026-04-17T15:54:01","slug":"elixir-luxe-feminite","status":"publish","type":"product","link":"https:\/\/heliophytos.com\/index.php\/produit\/elixir-luxe-feminite\/","title":{"rendered":"Elixir Luxe F\u00e9minit\u00e9"},"content":{"rendered":"<p>Roll&rsquo;on de 3 ml en coffret<\/p>\n<p><em>\u00a0<\/em><\/p>\n<p><em>Au-del\u00e0 de leurs senteurs envo\u00fbtantes <\/em><em>et de la puissance de leur synergie, le <\/em><em>choix s\u2019est pos\u00e9 sp\u00e9cifiquement sur la <\/em><em>Rose de Damas pour son <\/em><em>harmonisation des \u00e9motions,<\/em><\/p>\n<p><em>sur le Jasmin pour son effet d\u00e9sinhibant <\/em><em>et sur le Champaka qui nourrit l\u2019esprit, <\/em><em>r\u00e9gule l\u2019humeur et ouvre le c\u0153ur.<\/em><\/p>\n<p><em>Au croisement du soin et du parfum, <\/em><em>l\u2019\u00e9lixir F\u00e9minit\u00e9, d\u00e9licatement d\u00e9pos\u00e9 <\/em><em>aux creux des poignets, du sternum et <\/em><em>des reins invite, incite la Femme \u00e0 \u00eatre <\/em><em>Femme dans toute la splendeur de sa<\/em><\/p>\n<p><em>gr\u00e2ce, de sa puissance et de son <\/em><em>espi\u00e8glerie assum\u00e9e, belle, juste.<\/em><\/p>\n<p><em>Elle est ainsi fin pr\u00eate, disponible, ouverte <\/em><em>pour recevoir et donner \u00e0 l\u2019\u00eatre <\/em><em>aim\u00e9 et d\u00e9sir\u00e9&#8230;<\/em><\/p>\n","protected":false},"excerpt":{"rendered":"<p>Synergie envo\u00fbtante \u00e0 la crois\u00e9e du soin et du parfum<\/p>\n<p>Un merveilleux nectar \u00e0 offrir ou \u00e0 s&rsquo;offrir !<\/p>\n<p>Roll&rsquo;on de 3 ml en coffret<\/p>\n","protected":false},"featured_media":1279,"template":"","meta":[],"product_brand":[],"product_cat":[21,22,17],"product_tag":[],"class_list":{"0":"post-1300","1":"product","2":"type-product","3":"status-publish","4":"has-post-thumbnail","6":"product_cat-elixir-beaute","7":"product_cat-hors-catalogue","8":"product_cat-tous_produits","10":"first","11":"instock","12":"featured","13":"shipping-taxable","14":"purchasable","15":"product-type-simple"},"jetpack_sharing_enabled":true,"_links":{"self":[{"href":"https:\/\/heliophytos.com\/index.php\/wp-json\/wp\/v2\/product\/1300","targetHints":{"allow":["GET"]}}],"collection":[{"href":"https:\/\/heliophytos.com\/index.php\/wp-json\/wp\/v2\/product"}],"about":[{"href":"https:\/\/heliophytos.com\/index.php\/wp-json\/wp\/v2\/types\/product"}],"version-history":[{"count":1,"href":"https:\/\/heliophytos.com\/index.php\/wp-json\/wp\/v2\/product\/1300\/revisions"}],"predecessor-version":[{"id":1301,"href":"https:\/\/heliophytos.com\/index.php\/wp-json\/wp\/v2\/product\/1300\/revisions\/1301"}],"wp:featuredmedia":[{"embeddable":true,"href":"https:\/\/heliophytos.com\/index.php\/wp-json\/wp\/v2\/media\/1279"}],"wp:attachment":[{"href":"https:\/\/heliophytos.com\/index.php\/wp-json\/wp\/v2\/media?parent=1300"}],"wp:term":[{"taxonomy":"product_brand","embeddable":true,"href":"https:\/\/heliophytos.com\/index.php\/wp-json\/wp\/v2\/product_brand?post=1300"},{"taxonomy":"product_cat","embeddable":true,"href":"https:\/\/heliophytos.com\/index.php\/wp-json\/wp\/v2\/product_cat?post=1300"},{"taxonomy":"product_tag","embeddable":true,"href":"https:\/\/heliophytos.com\/index.php\/wp-json\/wp\/v2\/product_tag?post=1300"}],"curies":[{"name":"wp","href":"https:\/\/api.w.org\/{rel}","templated":true}]}}