{"id":1191,"date":"2026-04-08T15:17:19","date_gmt":"2026-04-08T13:17:19","guid":{"rendered":"https:\/\/heliophytos.com\/?post_type=product&#038;p=1191"},"modified":"2026-04-17T16:41:25","modified_gmt":"2026-04-17T14:41:25","slug":"baume-au-tea-tree","status":"publish","type":"product","link":"https:\/\/heliophytos.com\/index.php\/produit\/baume-au-tea-tree\/","title":{"rendered":"Baume au Tea-tree"},"content":{"rendered":"<p>Pot de 7 ml<\/p>\n<p>Baume lib\u00e9rant des manifestations g\u00eanantes et inesth\u00e9tiques<br \/>\nautour de la bouche et du nez<\/p>\n<p>Appliquer d\u00e8s apparition<\/p>\n","protected":false},"excerpt":{"rendered":"<p>Le sauveur boutons<\/p>\n<p>Pot de 7 ml<\/p>\n","protected":false},"featured_media":1192,"template":"","meta":[],"product_brand":[],"product_cat":[20,17],"product_tag":[],"class_list":{"0":"post-1191","1":"product","2":"type-product","3":"status-publish","4":"has-post-thumbnail","6":"product_cat-remedes","7":"product_cat-tous_produits","9":"first","10":"instock","11":"featured","12":"shipping-taxable","13":"purchasable","14":"product-type-simple"},"jetpack_sharing_enabled":true,"_links":{"self":[{"href":"https:\/\/heliophytos.com\/index.php\/wp-json\/wp\/v2\/product\/1191","targetHints":{"allow":["GET"]}}],"collection":[{"href":"https:\/\/heliophytos.com\/index.php\/wp-json\/wp\/v2\/product"}],"about":[{"href":"https:\/\/heliophytos.com\/index.php\/wp-json\/wp\/v2\/types\/product"}],"version-history":[{"count":3,"href":"https:\/\/heliophytos.com\/index.php\/wp-json\/wp\/v2\/product\/1191\/revisions"}],"predecessor-version":[{"id":1265,"href":"https:\/\/heliophytos.com\/index.php\/wp-json\/wp\/v2\/product\/1191\/revisions\/1265"}],"wp:featuredmedia":[{"embeddable":true,"href":"https:\/\/heliophytos.com\/index.php\/wp-json\/wp\/v2\/media\/1192"}],"wp:attachment":[{"href":"https:\/\/heliophytos.com\/index.php\/wp-json\/wp\/v2\/media?parent=1191"}],"wp:term":[{"taxonomy":"product_brand","embeddable":true,"href":"https:\/\/heliophytos.com\/index.php\/wp-json\/wp\/v2\/product_brand?post=1191"},{"taxonomy":"product_cat","embeddable":true,"href":"https:\/\/heliophytos.com\/index.php\/wp-json\/wp\/v2\/product_cat?post=1191"},{"taxonomy":"product_tag","embeddable":true,"href":"https:\/\/heliophytos.com\/index.php\/wp-json\/wp\/v2\/product_tag?post=1191"}],"curies":[{"name":"wp","href":"https:\/\/api.w.org\/{rel}","templated":true}]}}