{"id":1156,"date":"2026-04-07T14:31:31","date_gmt":"2026-04-07T12:31:31","guid":{"rendered":"https:\/\/heliophytos.com\/?post_type=product&#038;p=1156"},"modified":"2026-04-17T16:36:32","modified_gmt":"2026-04-17T14:36:32","slug":"baume-taches-brunes","status":"publish","type":"product","link":"https:\/\/heliophytos.com\/index.php\/produit\/baume-taches-brunes\/","title":{"rendered":"Baume Taches brunes"},"content":{"rendered":"<p>Pot de 15 ml<\/p>\n<p>Baume <strong>\u00e9claircissant<\/strong> att\u00e9nuant les taches de vieillesse cutan\u00e9e ainsi que les taches ayant du mal \u00e0 dispara\u00eetre (masque de grossesse, ancienne cicatrice, allergie cutan\u00e9e&#8230;)<\/p>\n<p>Attention : photosensibilisant ! Bien lire les recommandations.<\/p>\n","protected":false},"excerpt":{"rendered":"<p>L\u2019alli\u00e9 Soleil<\/p>\n<p>Pot de 15 ml<\/p>\n<p>&nbsp;<\/p>\n<p>&nbsp;<\/p>\n","protected":false},"featured_media":1157,"template":"","meta":[],"product_brand":[],"product_cat":[21,17],"product_tag":[],"class_list":{"0":"post-1156","1":"product","2":"type-product","3":"status-publish","4":"has-post-thumbnail","6":"product_cat-elixir-beaute","7":"product_cat-tous_produits","9":"first","10":"instock","11":"featured","12":"shipping-taxable","13":"purchasable","14":"product-type-simple"},"jetpack_sharing_enabled":true,"_links":{"self":[{"href":"https:\/\/heliophytos.com\/index.php\/wp-json\/wp\/v2\/product\/1156","targetHints":{"allow":["GET"]}}],"collection":[{"href":"https:\/\/heliophytos.com\/index.php\/wp-json\/wp\/v2\/product"}],"about":[{"href":"https:\/\/heliophytos.com\/index.php\/wp-json\/wp\/v2\/types\/product"}],"version-history":[{"count":4,"href":"https:\/\/heliophytos.com\/index.php\/wp-json\/wp\/v2\/product\/1156\/revisions"}],"predecessor-version":[{"id":1263,"href":"https:\/\/heliophytos.com\/index.php\/wp-json\/wp\/v2\/product\/1156\/revisions\/1263"}],"wp:featuredmedia":[{"embeddable":true,"href":"https:\/\/heliophytos.com\/index.php\/wp-json\/wp\/v2\/media\/1157"}],"wp:attachment":[{"href":"https:\/\/heliophytos.com\/index.php\/wp-json\/wp\/v2\/media?parent=1156"}],"wp:term":[{"taxonomy":"product_brand","embeddable":true,"href":"https:\/\/heliophytos.com\/index.php\/wp-json\/wp\/v2\/product_brand?post=1156"},{"taxonomy":"product_cat","embeddable":true,"href":"https:\/\/heliophytos.com\/index.php\/wp-json\/wp\/v2\/product_cat?post=1156"},{"taxonomy":"product_tag","embeddable":true,"href":"https:\/\/heliophytos.com\/index.php\/wp-json\/wp\/v2\/product_tag?post=1156"}],"curies":[{"name":"wp","href":"https:\/\/api.w.org\/{rel}","templated":true}]}}