{"id":922,"date":"2026-03-26T14:07:15","date_gmt":"2026-03-26T13:07:15","guid":{"rendered":"https:\/\/heliophytos.com\/?page_id=922"},"modified":"2026-04-02T10:23:43","modified_gmt":"2026-04-02T08:23:43","slug":"mention-legales","status":"publish","type":"page","link":"https:\/\/heliophytos.com\/index.php\/mention-legales\/","title":{"rendered":"Mention L\u00e9gales"},"content":{"rendered":"\t\t<div data-elementor-type=\"wp-page\" data-elementor-id=\"922\" class=\"elementor elementor-922\">\n\t\t\t\t<div class=\"elementor-element elementor-element-306ebd9 e-flex e-con-boxed e-con e-parent\" data-id=\"306ebd9\" data-element_type=\"container\" data-e-type=\"container\">\n\t\t\t\t\t<div class=\"e-con-inner\">\n\t\t\t\t<div class=\"elementor-element elementor-element-560c0b9 elementor-widget elementor-widget-spacer\" data-id=\"560c0b9\" data-element_type=\"widget\" data-e-type=\"widget\" data-widget_type=\"spacer.default\">\n\t\t\t\t\t\t\t<div class=\"elementor-spacer\">\n\t\t\t<div class=\"elementor-spacer-inner\"><\/div>\n\t\t<\/div>\n\t\t\t\t\t\t<\/div>\n\t\t\t\t\t<\/div>\n\t\t\t\t<\/div>\n\t\t<div class=\"elementor-element elementor-element-34a645e2 e-con-full e-flex e-con e-parent\" data-id=\"34a645e2\" data-element_type=\"container\" data-e-type=\"container\" data-settings=\"{&quot;background_background&quot;:&quot;classic&quot;}\">\n\t\t\t\t<div class=\"elementor-element elementor-element-2dbc4b2b elementor-widget elementor-widget-text-editor\" data-id=\"2dbc4b2b\" data-element_type=\"widget\" data-e-type=\"widget\" data-widget_type=\"text-editor.default\">\n\t\t\t\t\t\t\t\t\t\n<h1>Mentions l\u00e9gales<\/h1>\n<h3>1. \u00c9diteur du site<\/h3>\n<p class=\"isSelectedEnd\">Le site <strong>H\u00e9liophytos<\/strong>, accessible \u00e0 l\u2019adresse <a href=\"https:\/\/heliophytos.com\/\">https:\/\/heliophytos.com\/<\/a>, est \u00e9dit\u00e9 par :<\/p>\n<p class=\"isSelectedEnd\"><strong>Aur\u00e9lie ROUSSEAU<\/strong><br \/>189 impasse Hirigoyen<br \/>64240 HASPARREN \u2013 France<\/p>\n<p class=\"isSelectedEnd\">Num\u00e9ro SIRET : 798 583 019 000 38<br \/>T\u00e9l\u00e9phone : 06 79 30 07 01<br \/>Email : <a href=\"mailto:aurelie@heliophytos.com\">aurelie@heliophytos.com<\/a><\/p>\n<div contenteditable=\"false\"><hr \/><\/div>\n<h3>2. Directrice de la publication<\/h3>\n<p class=\"isSelectedEnd\">La directrice de la publication est :<br \/><strong>Aur\u00e9lie ROUSSEAU<\/strong><\/p>\n<div contenteditable=\"false\"><hr \/><\/div>\n<h3>3. H\u00e9bergement<\/h3>\n<p class=\"isSelectedEnd\">Le site est h\u00e9berg\u00e9 par :<\/p>\n<p class=\"isSelectedEnd\"><strong>OVH SAS<\/strong><br \/>2 rue Kellermann<br \/>59100 Roubaix \u2013 France<br \/>T\u00e9l\u00e9phone : 1007<br \/>Site web : <a href=\"https:\/\/www.ovh.com\/\">https:\/\/www.ovh.com\/<\/a><\/p>\n<div contenteditable=\"false\"><hr \/><\/div>\n<h3>4. Conception du site<\/h3>\n<p class=\"isSelectedEnd\">Accompagnement pour la mise en page du site par Ma\u00ebva La\u00een\u00e9 | <span style=\"text-decoration: underline;\"><strong><a href=\"https:\/\/www.instagram.com\/studio.diodae\/\">Studio Dioda\u00eb<\/a><\/strong><\/span><\/p>\n<div contenteditable=\"false\"><hr \/><\/div>\n<h3>5. Propri\u00e9t\u00e9 intellectuelle<\/h3>\n<p class=\"isSelectedEnd\">L\u2019ensemble des contenus pr\u00e9sents sur le site (textes, images, graphismes, logo, etc.) est prot\u00e9g\u00e9 par le droit de la propri\u00e9t\u00e9 intellectuelle.<\/p>\n<p class=\"isSelectedEnd\">Toute reproduction, repr\u00e9sentation, modification, publication ou adaptation de tout ou partie des \u00e9l\u00e9ments du site, quel que soit le moyen ou le proc\u00e9d\u00e9 utilis\u00e9, est interdite, sauf autorisation \u00e9crite pr\u00e9alable.<\/p>\n<div contenteditable=\"false\"><hr \/><\/div>\n<h3>6. Responsabilit\u00e9<\/h3>\n<p class=\"isSelectedEnd\">L\u2019\u00e9diteur du site met tout en \u0153uvre pour fournir des informations aussi pr\u00e9cises que possible. Toutefois, il ne pourra \u00eatre tenu responsable des omissions, des inexactitudes ou des carences dans la mise \u00e0 jour.<\/p>\n<p class=\"isSelectedEnd\">L\u2019utilisateur du site reconna\u00eet utiliser ces informations sous sa responsabilit\u00e9 exclusive.<\/p>\n<div contenteditable=\"false\"><hr \/><\/div>\n<h3>7. Donn\u00e9es personnelles<\/h3>\n<p class=\"isSelectedEnd\">Les informations recueillies via le site font l\u2019objet d\u2019un traitement destin\u00e9 \u00e0 r\u00e9pondre aux demandes des utilisateurs.<\/p>\n<p class=\"isSelectedEnd\">Conform\u00e9ment \u00e0 la r\u00e9glementation en vigueur (RGPD et Loi Informatique et Libert\u00e9s), vous disposez d\u2019un droit d\u2019acc\u00e8s, de rectification, de suppression et d\u2019opposition concernant vos donn\u00e9es personnelles.<\/p>\n<p class=\"isSelectedEnd\">Vous pouvez exercer ce droit en contactant :<br \/><a href=\"mailto:aurelie@heliophytos.com\">aurelie@heliophytos.com<\/a><\/p>\n<div contenteditable=\"false\"><hr \/><\/div>\n<h3>8. Cookies<\/h3>\n<p class=\"isSelectedEnd\">Le site peut \u00eatre amen\u00e9 \u00e0 utiliser des cookies afin d\u2019am\u00e9liorer l\u2019exp\u00e9rience utilisateur et r\u00e9aliser des statistiques de visites.<\/p>\n<p class=\"isSelectedEnd\">L\u2019utilisateur peut configurer son navigateur pour refuser les cookies.<\/p>\n<div contenteditable=\"false\"><hr \/><\/div>\n<h3>9. Droit applicable<\/h3>\n<p class=\"isSelectedEnd\">Le pr\u00e9sent site est soumis au droit fran\u00e7ais.<\/p>\n<p>En cas de litige, et \u00e0 d\u00e9faut de r\u00e9solution amiable, les tribunaux fran\u00e7ais seront seuls comp\u00e9tents.<\/p>\n<ul class=\"wp-block-list\"><\/ul>\n<!-- \/wp:list -->\t\t\t\t\t\t\t\t<\/div>\n\t\t\t\t<\/div>\n\t\t\t\t<\/div>\n\t\t","protected":false},"excerpt":{"rendered":"<p>Mentions l\u00e9gales 1. \u00c9diteur du site Le site H\u00e9liophytos, accessible \u00e0 l\u2019adresse https:\/\/heliophytos.com\/, est \u00e9dit\u00e9 par : Aur\u00e9lie ROUSSEAU189 impasse Hirigoyen64240 HASPARREN \u2013 France Num\u00e9ro SIRET : 798 583 019 [&hellip;]<\/p>\n","protected":false},"author":1,"featured_media":0,"parent":0,"menu_order":0,"comment_status":"closed","ping_status":"closed","template":"","meta":{"footnotes":""},"class_list":["post-922","page","type-page","status-publish","hentry"],"jetpack_sharing_enabled":true,"_links":{"self":[{"href":"https:\/\/heliophytos.com\/index.php\/wp-json\/wp\/v2\/pages\/922","targetHints":{"allow":["GET"]}}],"collection":[{"href":"https:\/\/heliophytos.com\/index.php\/wp-json\/wp\/v2\/pages"}],"about":[{"href":"https:\/\/heliophytos.com\/index.php\/wp-json\/wp\/v2\/types\/page"}],"author":[{"embeddable":true,"href":"https:\/\/heliophytos.com\/index.php\/wp-json\/wp\/v2\/users\/1"}],"replies":[{"embeddable":true,"href":"https:\/\/heliophytos.com\/index.php\/wp-json\/wp\/v2\/comments?post=922"}],"version-history":[{"count":19,"href":"https:\/\/heliophytos.com\/index.php\/wp-json\/wp\/v2\/pages\/922\/revisions"}],"predecessor-version":[{"id":1101,"href":"https:\/\/heliophytos.com\/index.php\/wp-json\/wp\/v2\/pages\/922\/revisions\/1101"}],"wp:attachment":[{"href":"https:\/\/heliophytos.com\/index.php\/wp-json\/wp\/v2\/media?parent=922"}],"curies":[{"name":"wp","href":"https:\/\/api.w.org\/{rel}","templated":true}]}}