{"id":183,"date":"2026-01-08T16:25:46","date_gmt":"2026-01-08T15:25:46","guid":{"rendered":"https:\/\/heliophytos.com\/?page_id=183"},"modified":"2026-03-31T11:07:53","modified_gmt":"2026-03-31T09:07:53","slug":"lhistoire-dheliophytos","status":"publish","type":"page","link":"https:\/\/heliophytos.com\/index.php\/lhistoire-dheliophytos\/","title":{"rendered":"L&rsquo;histoire d&rsquo;H\u00e9liophytos"},"content":{"rendered":"\t\t<div data-elementor-type=\"wp-page\" data-elementor-id=\"183\" class=\"elementor elementor-183\">\n\t\t\t\t<div class=\"elementor-element elementor-element-7c016aa e-flex e-con-boxed e-con e-parent\" data-id=\"7c016aa\" data-element_type=\"container\" data-e-type=\"container\">\n\t\t\t\t\t<div class=\"e-con-inner\">\n\t\t\t\t<div class=\"elementor-element elementor-element-7f4fabf elementor-widget elementor-widget-spacer\" data-id=\"7f4fabf\" data-element_type=\"widget\" data-e-type=\"widget\" data-widget_type=\"spacer.default\">\n\t\t\t\t\t\t\t<div class=\"elementor-spacer\">\n\t\t\t<div class=\"elementor-spacer-inner\"><\/div>\n\t\t<\/div>\n\t\t\t\t\t\t<\/div>\n\t\t\t\t\t<\/div>\n\t\t\t\t<\/div>\n\t\t<div class=\"elementor-element elementor-element-9699fa0 e-con-full e-flex e-con e-parent\" data-id=\"9699fa0\" data-element_type=\"container\" data-e-type=\"container\" data-settings=\"{&quot;background_background&quot;:&quot;classic&quot;}\">\n\t\t\t\t<div class=\"elementor-element elementor-element-51279b3 elementor-widget elementor-widget-heading\" data-id=\"51279b3\" data-element_type=\"widget\" data-e-type=\"widget\" data-widget_type=\"heading.default\">\n\t\t\t\t\t<h1 class=\"elementor-heading-title elementor-size-default\">L\u2019histoire d\u2019H\u00e9liophytos<\/h1>\t\t\t\t<\/div>\n\t\t\t\t<div class=\"elementor-element elementor-element-82726f6 elementor-widget elementor-widget-text-editor\" data-id=\"82726f6\" data-element_type=\"widget\" data-e-type=\"widget\" data-widget_type=\"text-editor.default\">\n\t\t\t\t\t\t\t\t\t<p><img fetchpriority=\"high\" decoding=\"async\" class=\"alignleft wp-image-649\" src=\"https:\/\/heliophytos.com\/wp-content\/uploads\/2026\/03\/Photo1037-1024x768.jpg\" alt=\"\" width=\"500\" height=\"375\" \/><\/p><p><span style=\"font-weight: 400;\"><span style=\"color: #efcd50;\"><strong>2007, nous partons en roulotte<\/strong><\/span>, Mathieu et moi, apr\u00e8s un an et demi de construction et mise en place de ce nouvel habitat et mode de vie en m\u00eame temps.<\/span><\/p><p>\u00a0<\/p><p style=\"text-align: left;\"><span style=\"font-weight: 400;\"><span style=\"color: #efcd50;\"><strong>Mathieu ne tarde pas \u00e0 \u00eatre attir\u00e9 par ce qui devient quelque chose de quotidien\u00a0: les plantes.<\/strong><\/span>\u00a0 Celles qui nous entourent au fil de notre chemin deviennent le champ d\u2019investigations, d\u2019exp\u00e9riences, de recherches et peu \u00e0 peu notre nourriture et nos soins du quotidien !<\/span><\/p><p>\u00a0<\/p><p style=\"text-align: left;\"><span style=\"font-weight: 400;\">En f\u00e9vrier 2009, notre premier fils na\u00eet. Les soins qui me sont n\u00e9cessaires apr\u00e8s un accouchement mouvement\u00e9 me sont donn\u00e9s par notre sage-femme qui utilise miel, argile, huiles essentielles, autant de rem\u00e8des naturels. <span style=\"color: #efcd50;\"><strong>Ceci fascine Mathieu et confirme son id\u00e9e que les plantes peuvent r\u00e9ellement \u00eatre le support de nombreux soins.<\/strong> <\/span>Peu apr\u00e8s, il se blesse s\u00e9rieusement l\u2019index avec une tron\u00e7onneuse. L\u00e0 o\u00f9 sa blessure n\u00e9cessitait plusieurs points de suture, Mathieu s\u2019\u00e9vertue \u00e0 se soigner avec des rem\u00e8des de sa composition. <\/span><\/p><p style=\"text-align: left;\"><span style=\"font-weight: 400;\">La gu\u00e9rison est impressionnante et participe \u00e0 confirmer son id\u00e9e au sujet des plantes. Enfin, quelques mois apr\u00e8s, Luis d\u00e9veloppe un bouton-abc\u00e8s sous l\u2019aisselle. A nouveau, ceci est l\u2019opportunit\u00e9 pour Mathieu de mettre\u00a0<\/span><span style=\"font-weight: 400;\">au point un baume q<\/span><span style=\"font-weight: 400;\">ui va \u00e0 lui seul faire rapidement dispara\u00eetre le furoncle de notre b\u00e9b\u00e9.<\/span><\/p><p><img decoding=\"async\" class=\"wp-image-702 alignright\" src=\"https:\/\/heliophytos.com\/wp-content\/uploads\/2026\/03\/Photo0125-300x225.jpg\" alt=\"\" width=\"500\" height=\"375\" srcset=\"https:\/\/heliophytos.com\/wp-content\/uploads\/2026\/03\/Photo0125-300x225.jpg 300w, https:\/\/heliophytos.com\/wp-content\/uploads\/2026\/03\/Photo0125-600x450.jpg 600w, https:\/\/heliophytos.com\/wp-content\/uploads\/2026\/03\/Photo0125-1024x768.jpg 1024w, https:\/\/heliophytos.com\/wp-content\/uploads\/2026\/03\/Photo0125-768x576.jpg 768w, https:\/\/heliophytos.com\/wp-content\/uploads\/2026\/03\/Photo0125-1536x1152.jpg 1536w, https:\/\/heliophytos.com\/wp-content\/uploads\/2026\/03\/Photo0125-2048x1536.jpg 2048w, https:\/\/heliophytos.com\/wp-content\/uploads\/2026\/03\/Photo0125-1140x855.jpg 1140w, https:\/\/heliophytos.com\/wp-content\/uploads\/2026\/03\/Photo0125-920x690.jpg 920w, https:\/\/heliophytos.com\/wp-content\/uploads\/2026\/03\/Photo0125-575x431.jpg 575w, https:\/\/heliophytos.com\/wp-content\/uploads\/2026\/03\/Photo0125-380x285.jpg 380w\" sizes=\"(max-width: 500px) 100vw, 500px\" \/><\/p><p style=\"text-align: left;\"><span style=\"font-weight: 400;\">Ces diff\u00e9rentes exp\u00e9riences encouragent Mathieu \u00e0 <strong><span style=\"color: #efcd50;\">confe<\/span><\/strong><\/span><strong><span style=\"color: #efcd50;\">ctionner quelques s\u00e9ries de baumes, recettes de son inspiration.<\/span><\/strong><\/p><p style=\"text-align: left;\"><span style=\"font-weight: 400;\">Nous nous amusons \u00e0 proposer ces confections lors de vides-greniers et march\u00e9s de No\u00ebl entre 2010 et 2011.\u00a0<\/span><\/p><p>\u00a0<\/p><p><strong><span style=\"color: #efcd50;\">C\u2019est alors que nos proches, utilisateurs ravis des produits de Mathieu, nous encouragent \u00e0 officialiser l\u2019activit\u00e9 <\/span><\/strong>afin de pouvoir \u00e9largir la palette de consommateurs. Nous m\u00fbrissons le projet et en avril 2012, au retour d\u2019un voyage familial en Guadeloupe apr\u00e8s la naissance de notre second fils Camille, nous cr\u00e9ons l\u2019autoentreprise H\u00e9liophyto.<\/p><p>\u00a0<\/p><p style=\"text-align: left;\"><span style=\"font-weight: 400;\">Mathieu continue \u00e0 mettre au point des formules de baumes, huiles et autres \u00e9lixirs tandis que je d\u00e9marche autour de nous les organisateurs de festivit\u00e9s o\u00f9 exposer nos produits. Nous construisons un stand, fait de planches r\u00e9cup\u00e9r\u00e9es \u00e0 la d\u00e9chetterie. Et nous exposons sur un premier march\u00e9 en juin 2012. D\u2019autres suivront et l\u2019\u00e9t\u00e9 2012 sera rempli de ces march\u00e9s notamment nocturnes sur lesquels nous nous rendons en famille avec nos deux petits gar\u00e7ons alors \u00e2g\u00e9s de 3 ans et 9 mois\u00a0! L\u2019aventure commence r\u00e9ellement\u00a0!\u00a0<\/span><\/p><p>\u00a0<\/p><p><img decoding=\"async\" class=\"alignleft wp-image-719\" src=\"https:\/\/heliophytos.com\/wp-content\/uploads\/2026\/03\/Photo0133-300x225.jpg\" alt=\"\" width=\"400\" height=\"300\" srcset=\"https:\/\/heliophytos.com\/wp-content\/uploads\/2026\/03\/Photo0133-300x225.jpg 300w, https:\/\/heliophytos.com\/wp-content\/uploads\/2026\/03\/Photo0133-600x450.jpg 600w, https:\/\/heliophytos.com\/wp-content\/uploads\/2026\/03\/Photo0133-1024x768.jpg 1024w, https:\/\/heliophytos.com\/wp-content\/uploads\/2026\/03\/Photo0133-768x576.jpg 768w, https:\/\/heliophytos.com\/wp-content\/uploads\/2026\/03\/Photo0133-1536x1152.jpg 1536w, https:\/\/heliophytos.com\/wp-content\/uploads\/2026\/03\/Photo0133-2048x1536.jpg 2048w, https:\/\/heliophytos.com\/wp-content\/uploads\/2026\/03\/Photo0133-1140x855.jpg 1140w, https:\/\/heliophytos.com\/wp-content\/uploads\/2026\/03\/Photo0133-920x690.jpg 920w, https:\/\/heliophytos.com\/wp-content\/uploads\/2026\/03\/Photo0133-575x431.jpg 575w, https:\/\/heliophytos.com\/wp-content\/uploads\/2026\/03\/Photo0133-380x285.jpg 380w\" sizes=\"(max-width: 400px) 100vw, 400px\" \/><\/p><p style=\"text-align: left;\"><span style=\"font-weight: 400;\">Petit \u00e0 petit, Mathieu \u00e9largit la gamme des produits en r\u00e9ponse \u00e0 la demande de clients en prise avec diverses difficult\u00e9s li\u00e9es \u00e0 leur sant\u00e9. Je r\u00e9dige de mon c\u00f4t\u00e9 un catalogue rassemblant les diff\u00e9rentes confections.\u00a0<\/span><\/p><p>\u00a0<\/p><p style=\"text-align: left;\"><span style=\"font-weight: 400;\">Notre roulotte est alors pos\u00e9e au Pays basque et c\u2019est dans ce coin jusqu\u2019alors inconnu pour nous que nous d\u00e9couvrons la vie des march\u00e9s, la vente, que nous rencontrons d\u2019autres exposants, que nous commen\u00e7ons \u00e0 fid\u00e9liser une client\u00e8le ravie de d\u00e9couvrir nos produits dont on constate avec une grande joie qu\u2019ils plaisent beaucoup\u00a0!<\/span><\/p><p>\u00a0<\/p><p style=\"text-align: left;\"><span style=\"font-weight: 400;\">Nous d\u00e9couvrons les march\u00e9s et festivit\u00e9s de l\u2019automne en y proposant nos produits, puis sur les march\u00e9s de No\u00ebl. Les personnes venant \u00e0 notre stand se r\u00e9jouissent. Progressivement, <strong><span style=\"color: #efcd50;\">H\u00e9liophyto se fait conna\u00eetre. Des organisateurs de march\u00e9s de cr\u00e9ateurs, de f\u00eates des plantes, de march\u00e9s artisanaux font appel \u00e0 nous.<\/span> <\/strong>C\u2019est ainsi que notre agenda du printemps 2013 se remplit \u00e9galement. Les weekends des mois d\u2019avril, mai et juin sont occup\u00e9s par ces festivit\u00e9s, lieux de vente o\u00f9 nous nous rendons toujours en famille.<\/span><\/p><p>\u00a0<\/p><p style=\"text-align: left;\"><span style=\"font-weight: 400;\">Dans le m\u00eame temps, nous m\u00fbrissons un projet d\u2019installation un peu plus s\u00e9dentaire. Notre roulotte devient petite pour nous 4 plus le chien Yagu\u00e9 (8m\u00b2) et nous cherchons \u00e0 agrandir notre habitat. Nous lan\u00e7ons un appel \u00e0 l\u2019ensemble de nos contacts \u00e0 travers la France : qui aurait l\u2019envie et la possibilit\u00e9 d\u2019accueillir la roulotte\u00a0? Il nous faut au moins 4 hectares de prairie,\u00a0<\/span><span style=\"font-weight: 400;\">plus un peu de terre pour cultiver. Nous envisageons de construire un ker-terre, une pi\u00e8ce suppl\u00e9mentaire pour vivre !\u00a0<\/span><\/p><p style=\"text-align: left;\"><span style=\"font-weight: 400;\">Plusieurs propositions viennent \u00e0 nous, la vie r\u00e9pond ! Et notamment Fran\u00e7oise et Jo\u00ebl que nous avions rencontr\u00e9s 6 ans auparavant sur notre chemin en roulotte de St Nazaire \u00e0 la Mayenne. Nous avions pass\u00e9 quelques jours aux abords des \u00e9tangs de la Mocquerie juste \u00e0 c\u00f4t\u00e9 de leur maison et avions bien sympathis\u00e9. Mathieu avait sorti un tronc de leur \u00e9tang avec notre jument Obane ! <span style=\"color: #efcd50;\"><strong>Ils nous proposent de venir poser notre roulotte sur leur terrain de 6 hectares<\/strong> <\/span>et mettent \u00e0 notre<\/span><span style=\"font-weight: 400;\"> disposition un b\u00e2timent en dur de 100 m\u00b2, \u00e0 r\u00e9nover, r\u00e9am\u00e9nager\u2026<\/span><span style=\"font-weight: 400;\">Et puis une sorte de co-habitation sur ce terrain o\u00f9 se tro<\/span><span style=\"font-weight: 400;\">uve leur belle maison.<\/span><\/p><p><img loading=\"lazy\" decoding=\"async\" class=\"wp-image-720 alignright\" src=\"https:\/\/heliophytos.com\/wp-content\/uploads\/2026\/03\/Photo1073-300x225.jpg\" alt=\"\" width=\"500\" height=\"375\" srcset=\"https:\/\/heliophytos.com\/wp-content\/uploads\/2026\/03\/Photo1073-300x225.jpg 300w, https:\/\/heliophytos.com\/wp-content\/uploads\/2026\/03\/Photo1073-600x450.jpg 600w, https:\/\/heliophytos.com\/wp-content\/uploads\/2026\/03\/Photo1073-1024x768.jpg 1024w, https:\/\/heliophytos.com\/wp-content\/uploads\/2026\/03\/Photo1073-768x576.jpg 768w, https:\/\/heliophytos.com\/wp-content\/uploads\/2026\/03\/Photo1073-1536x1152.jpg 1536w, https:\/\/heliophytos.com\/wp-content\/uploads\/2026\/03\/Photo1073-2048x1536.jpg 2048w, https:\/\/heliophytos.com\/wp-content\/uploads\/2026\/03\/Photo1073-1140x855.jpg 1140w, https:\/\/heliophytos.com\/wp-content\/uploads\/2026\/03\/Photo1073-920x690.jpg 920w, https:\/\/heliophytos.com\/wp-content\/uploads\/2026\/03\/Photo1073-575x431.jpg 575w, https:\/\/heliophytos.com\/wp-content\/uploads\/2026\/03\/Photo1073-380x285.jpg 380w\" sizes=\"(max-width: 500px) 100vw, 500px\" \/><\/p><p style=\"text-align: left;\"><span style=\"font-weight: 400;\">Une proposition en or que nous saisissons en faisant fi du fait que leur lieu se situe au nord de la Loire, non loin de la Mayenne.<\/span><\/p><p>\u00a0<\/p><p style=\"text-align: left;\"><span style=\"font-weight: 400;\">Nous nous d\u00e9cidons\u00a0\u00e0 partir nous installer l\u00e0-bas\u00a0! Le d\u00e9part est pr\u00e9vu pour d\u00e9but juillet. Le 7, nous d\u00e9butons ce nouveau voyage\u2026<\/span><\/p><p>\u00a0<\/p><p style=\"text-align: left;\"><span style=\"color: #efcd50;\"><strong>La vie va nous emmener compl\u00e8tement ailleurs.\u00a0<\/strong><\/span><\/p><p>\u00a0<\/p><p style=\"text-align: left;\"><span style=\"font-weight: 400;\">En cours de voyage, <span style=\"color: #efcd50;\"><strong>Mathieu meurt subitement<\/strong><\/span> lors d\u2019un malaise cardiaque. Coup de fouet, de massue radical\u00a0! La vie tranche net\u00a0!<\/span><\/p><p>\u00a0<\/p><p>\u00a0<\/p><p><span style=\"font-weight: 400;\">La mort de Mathieu a \u00e9t\u00e9 \u00e9videmment un gros choc \u00e0 tous les niveaux.<\/span><\/p><p>\u00a0<\/p><p><strong><span style=\"color: #efcd50;\">Concernant H\u00e9liophytos, il a vite \u00e9t\u00e9 une \u00e9vidence pour moi de poursuivre seule ce que nous avions <\/span><\/strong><span style=\"font-weight: 400;\"><strong><span style=\"color: #efcd50;\">commenc\u00e9 ensemble.<\/span><\/strong> <\/span><\/p><p><span style=\"font-weight: 400;\">Pour perdurer, pour continuer notre \u0153uvre, pour honorer Mathieu mais aussi <\/span><span style=\"font-weight: 400;\">parce que c\u2019est \u00e7a qui \u00e9tait l\u00e0 et que j\u2019avais besoin et envie de me plonger dans l\u2019action. J\u2019ai essay\u00e9 et <\/span><span style=\"font-weight: 400;\">j\u2019ai r\u00e9ussi. A confectionner moi-m\u00eame les baumes, \u00e0 tenir seule la barre de ce que nous avions cr\u00e9e <\/span><span style=\"font-weight: 400;\">et progressivement \u00e0 d\u00e9ployer H\u00e9liophytos en mettant au point de nouvelles formules, en trouvant <\/span><span style=\"font-weight: 400;\">des points de vente, en am\u00e9liorant le stand de march\u00e9, en travaillant la communication\u2026<\/span><\/p><p>\u00a0<\/p><p><span style=\"font-weight: 400;\">J\u2019ai bidouill\u00e9 et j\u2019ai avanc\u00e9.<\/span><\/p><p>\u00a0<\/p><p><span style=\"color: #efcd50;\"><strong>En 2019, pour donner un nouvel \u00e9lan \u00e0 H\u00e9liophytos, je lui ai ajout\u00e9 son \u00ab S \u00bb \u00e0 la fin. <\/strong><\/span><span>J\u2019ai obtenu la <\/span><span>mention Nature&amp;Progr\u00e8s, un laboratoire d\u00e9di\u00e9 est n\u00e9, le catalogue s\u2019est \u00e9toff\u00e9 et une vitesse de <\/span><span>croisi\u00e8re s\u2019est install\u00e9e.,<\/span><strong style=\"color: #efcd50;\">H\u00e9liophytos est appr\u00e9ci\u00e9e, les produits plaisent, les retours sont tr\u00e8s bons, les t\u00e9moignages tr\u00e8s enthousiastes ! Que c\u2019est encourageant !<\/strong><\/p><p>\u00a0<\/p><p><span style=\"font-weight: 400;\">Aujourd\u2019hui, en 2026, un autre \u00e9lan encore bouillonne en moi. Je laisse tomber mes r\u00e9sistances et <\/span><span style=\"font-weight: 400;\">suis enfin pr\u00eate \u00e0 sortir de l\u2019ombre, de ma barque tranquille, pr\u00eate \u00e0 ce qu\u2019H\u00e9liophytos prenne place, <\/span><span style=\"font-weight: 400;\">toute sa place et se propage bien plus largement, devienne une marque connue et reconnue.<\/span><\/p><p>\u00a0<\/p><p><span style=\"font-weight: 400;\">La naissance du site fait partie de ma d\u00e9marche d\u2019expansion\u2026<\/span><\/p><p>\u00a0<\/p><p><span style=\"font-weight: 400;\"><img loading=\"lazy\" decoding=\"async\" class=\"aligncenter wp-image-456\" src=\"https:\/\/heliophytos.com\/wp-content\/uploads\/2026\/02\/Aurelmille-300x143.jpg\" alt=\"\" width=\"550\" height=\"262\" srcset=\"https:\/\/heliophytos.com\/wp-content\/uploads\/2026\/02\/Aurelmille-300x143.jpg 300w, https:\/\/heliophytos.com\/wp-content\/uploads\/2026\/02\/Aurelmille-600x286.jpg 600w, https:\/\/heliophytos.com\/wp-content\/uploads\/2026\/02\/Aurelmille-1024x488.jpg 1024w, https:\/\/heliophytos.com\/wp-content\/uploads\/2026\/02\/Aurelmille-768x366.jpg 768w, https:\/\/heliophytos.com\/wp-content\/uploads\/2026\/02\/Aurelmille-1536x731.jpg 1536w, https:\/\/heliophytos.com\/wp-content\/uploads\/2026\/02\/Aurelmille-1140x543.jpg 1140w, https:\/\/heliophytos.com\/wp-content\/uploads\/2026\/02\/Aurelmille-920x438.jpg 920w, https:\/\/heliophytos.com\/wp-content\/uploads\/2026\/02\/Aurelmille-575x274.jpg 575w, https:\/\/heliophytos.com\/wp-content\/uploads\/2026\/02\/Aurelmille-380x181.jpg 380w, https:\/\/heliophytos.com\/wp-content\/uploads\/2026\/02\/Aurelmille.jpg 1886w\" sizes=\"(max-width: 550px) 100vw, 550px\" \/><\/span><\/p><p style=\"text-align: left;\"><span style=\"font-weight: 400;\">\u00a0<\/span><\/p><p>\u00a0<\/p>\t\t\t\t\t\t\t\t<\/div>\n\t\t\t\t<\/div>\n\t\t\t\t<\/div>\n\t\t","protected":false},"excerpt":{"rendered":"<p>L\u2019histoire d\u2019H\u00e9liophytos 2007, nous partons en roulotte, Mathieu et moi, apr\u00e8s un an et demi de construction et mise en place de ce nouvel habitat et mode de vie en [&hellip;]<\/p>\n","protected":false},"author":1,"featured_media":0,"parent":0,"menu_order":0,"comment_status":"closed","ping_status":"closed","template":"","meta":{"footnotes":""},"class_list":["post-183","page","type-page","status-publish","hentry"],"jetpack_sharing_enabled":true,"_links":{"self":[{"href":"https:\/\/heliophytos.com\/index.php\/wp-json\/wp\/v2\/pages\/183","targetHints":{"allow":["GET"]}}],"collection":[{"href":"https:\/\/heliophytos.com\/index.php\/wp-json\/wp\/v2\/pages"}],"about":[{"href":"https:\/\/heliophytos.com\/index.php\/wp-json\/wp\/v2\/types\/page"}],"author":[{"embeddable":true,"href":"https:\/\/heliophytos.com\/index.php\/wp-json\/wp\/v2\/users\/1"}],"replies":[{"embeddable":true,"href":"https:\/\/heliophytos.com\/index.php\/wp-json\/wp\/v2\/comments?post=183"}],"version-history":[{"count":92,"href":"https:\/\/heliophytos.com\/index.php\/wp-json\/wp\/v2\/pages\/183\/revisions"}],"predecessor-version":[{"id":1034,"href":"https:\/\/heliophytos.com\/index.php\/wp-json\/wp\/v2\/pages\/183\/revisions\/1034"}],"wp:attachment":[{"href":"https:\/\/heliophytos.com\/index.php\/wp-json\/wp\/v2\/media?parent=183"}],"curies":[{"name":"wp","href":"https:\/\/api.w.org\/{rel}","templated":true}]}}